et q = -12 + 18. Let a be b(q). Let h = -5 + 25. Calculate the highest common factor of a and h.
20
Suppose -749 = -9*x + 8*x - 5*a, 0 = -a + 4. What is the greatest common factor of x and 81?
81
Let d = 491 - 399. Calculate the highest common divisor of d and 115.
23
Let j be (-1 + 5)*(42 - 16). Let u(v) = v**2 - 8*v - 13. Let o be u(-13). What is the greatest common divisor of j and o?
52
Let m(h) = -6*h + 1. Let o be m(-1). Let n(p) = -p**2 - 7*p + 9. Let q be n(-8). Calculate the greatest common factor of o and q.
1
Let o be 2/6 + 177/9. Let a(j) = -42*j - 32. Let d be a(2). Let w = -111 - d. What is the highest common factor of o and w?
5
Let k(q) = 2*q**2 - 2*q + 4. Let h be k(-3). Let t = h + -18. Let s be 14 - (-5)/(t/6). What is the highest common divisor of 51 and s?
17
Let g(v) = 44*v**2 - 2*v. Let k be g(1). Let c(f) = -f + 7. Let a be c(-5). Let u be ((-2)/4)/((-1)/a). Calculate the greatest common factor of k and u.
6
Let g(q) = -q**2 - 11*q - 10. Let n be (6/(-8))/(2/24). Let j be g(n). Suppose 0 = 70*x - 65*x - 20. What is the greatest common divisor of x and j?
4
Let w be 1030/40 - 1/(-4). Suppose -3*a + 2 = -d, 8*a - 3*a = -4*d + w. What is the highest common divisor of 14 and a?
2
Suppose -286 = -7*s + 64. Calculate the greatest common divisor of 250 and s.
50
Suppose 67*g - 32 = -2*p + 68*g, -4*p = -g - 66. Suppose 0 = 5*s - 2*s - 561. Calculate the greatest common factor of p and s.
17
Let z = -26 - -176. Suppose -4*x - 5*j = -z, -j = 3*x + 5 - 123. Calculate the greatest common factor of 16 and x.
8
Suppose -c + 11 + 1 = 0. Let t = c + -12. Suppose t*h = -2*h, 3*h = 4*q - 48. What is the greatest common divisor of q and 84?
12
Suppose m - 2*m + 60 = -5*y, -90 = -3*m - 3*y. What is the highest common divisor of m and 10?
5
Let c = -166 - -298. Let m(q) = -5*q - 72. Let z be m(0). Let w be ((-8)/(-24))/((-2)/z). Calculate the greatest common factor of w and c.
12
Let q = 33 + -31. Suppose 0 = d + 4*p - 1 - q, 0 = -d + p + 8. Calculate the highest common divisor of 28 and d.
7
Let i(m) = -12*m + 14. Let r be i(4). Let p be 74*-3*17/r. Calculate the highest common factor of 37 and p.
37
Suppose 0 = 5*q + 2*r - 10, -q + 2*r + 2*r + 24 = 0. Let d be (q/2)/(6/36). Calculate the greatest common divisor of d and 48.
12
Let m(q) be the second derivative of q**4/6 + 2*q**3/3 - 17*q**2/2 - 4*q. Let p be m(-5). Calculate the greatest common factor of p and 117.
13
Let a be (-9)/2*((-6)/9 + 0). Suppose 0 = -3*u + h + a + 9, 3*h = u - 12. What is the greatest common factor of u and 2?
1
Suppose 0 = -2*w + 3 + 1. Let p be (-1)/w*360/(-5). Suppose 6*o - 7*o = -p. Calculate the highest common divisor of 54 and o.
18
Let u be ((-25)/3)/(1/(-6)). Suppose -4*o - 3*c = -361, -c + 453 = 3*o + 176. Let v be -3*(2/(-5) + o/(-15)). Calculate the highest common factor of v and u.
10
Let c(b) be the third derivative of 0*b + 0 - 1/12*b**4 - 6*b**2 + 7/6*b**3. Let w be c(-4). Calculate the greatest common factor of 6 and w.
3
Suppose 0 = 10*l - 112 + 32. Calculate the highest common factor of l and 176.
8
Let p be ((-6)/(-5))/(10/25). Suppose p*t + 114 = -0*t. Let d = 115 + t. What is the highest common divisor of d and 7?
7
Let c = -136 + 115. Let u be (60/c)/(((-60)/(-35))/(-6)). What is the highest common factor of 130 and u?
10
Suppose 3 = d + 7. Let z(w) = -4*w**3 - 3*w**2 + 4*w - 2. Let j be z(d). What is the greatest common factor of j and 19?
19
Let s(p) = 4*p**2 + 5*p - 16. Let d be s(-4). Calculate the greatest common factor of 182 and d.
14
Let j(x) = -x + 1. Let b be j(5). Let u be 28/b*(-72)/21. Suppose -5 = 5*d - 4*d, -2*d = 3*z - 566. Calculate the greatest common divisor of z and u.
24
Suppose 0 = 2*v - 1 - 7. Suppose -51 + 6 = -5*b. Let p be (b/(-18))/(2/(-80)). What is the greatest common factor of v and p?
4
Let q be ((-9)/4)/(4/16). Let d be (-6)/1*(10 + q). Let x be d*1*(-1)/2. What is the highest common divisor of 15 and x?
3
Let l(i) = i**3 - 12*i**2 + 13*i + 30. Let z be l(11). What is the greatest common divisor of z and 104?
52
Let b(m) = 2*m**3 - 53*m**2 + 20*m - 138. Let w be b(28). What is the highest common factor of 38 and w?
38
Suppose 0 = 4*s + 9*s - 715. Suppose -s = l - 6*l. What is the greatest common factor of 154 and l?
11
Let z(g) = 4*g**3 - 31*g**2 - 6*g - 13. Let c be z(8). Suppose 5*b - 38 = 2*o, -3*b + o + 17 = -5. Calculate the greatest common factor of c and b.
3
Let j = 374 - 308. Calculate the greatest common factor of j and 18.
6
Suppose 3 = 2*t - w - 2, -3*t + w = -10. Let k be 48/10 - t/(-25). Suppose -k*p = -17 - 48. What is the greatest common factor of 65 and p?
13
Suppose 8*c + 5*t = 3*c - 195, -3*c = -3*t + 147. Let n be ((-2)/(-4))/((-2)/c). Let u = -17 - -28. Calculate the greatest common factor of n and u.
11
Let u(w) = 20*w - 4. Let j be u(2). Let a(v) = 12*v**2 - 7*v + 6. Let s be a(6). What is the greatest common factor of j and s?
36
Suppose -5*a - 5*m = -285, -5*a + 2*m + 184 = -80. What is the highest common divisor of a and 66?
6
Suppose -5 = -5*h, 0*i + h + 175 = i. Let q(y) = -y**3 + 3*y**2 + y. Let b be q(3). Let s be b + -2 + 18 + -3. Calculate the highest common factor of i and s.
16
Suppose -4*q = -12, -5*i + 32 - 9 = q. Suppose i*w = 9 + 47. Calculate the highest common divisor of w and 126.
14
Let s be -20*(7/7 + -1*2). Let m = -46 + 76. What is the highest common factor of s and m?
10
Suppose 30 = 3*v + 2*q, 4*v - 6 = q + 45. What is the greatest common factor of 108 and v?
12
Let w(b) be the second derivative of b**4/12 - b**3/6 - b**2 + 12*b. Let l be w(3). Calculate the greatest common factor of l and 8.
4
Let u be (6 - 1158/(-18)) + 1/(-7 - -4). Let v = 36 - 22. Calculate the highest common divisor of v and u.
14
Suppose -4*t = -41 - 139. Let w(x) = 2*x + 3. Let p be w(-3). Let u be 3/(-3)*(p + (-12 - 3)). What is the greatest common divisor of t and u?
9
Suppose 0 = 10*d - 4027 + 307. What is the greatest common divisor of 62 and d?
62
Let c(k) = -17*k + 100. Let i be c(5). What is the highest common factor of i and 135?
15
Let g be 61/2 + (-4)/((-8)/(-5)). Calculate the highest common divisor of 952 and g.
28
Let k be 9*28/12 + -5. Calculate the greatest common factor of k and 344.
8
Let f = 3 - 0. Suppose -4*v + 359 = -5*a, -f*v - 2*a + 173 = -125. Suppose h - v = -2*h. Calculate the highest common divisor of h and 16.
16
Let w(q) = q + 20. Let n be w(-18). Let l be (n - (-10)/3)*6. Calculate the highest common factor of l and 48.
16
Suppose -10*q + 443 = 43. Calculate the greatest common factor of 48 and q.
8
Let z = 990 + -186. What is the highest common factor of z and 36?
12
Suppose -5*y = -3*h - 270, 26 = y + 4*h - 5. Suppose -k = -y + 46. Suppose -25 = -5*g, 5*g = 2*x - 8 - 17. What is the highest common factor of k and x?
5
Let f be 4046/255 + 4/30. Calculate the greatest common divisor of f and 248.
8
Let f be 254/(-2) - 1/(-1). Let n = f - -190. Suppose 288 = 4*v + 224. What is the greatest common divisor of n and v?
16
Suppose 0 = -y - 4*v + 17, -3*y = -7*y - 4*v + 56. What is the highest common factor of 26 and y?
13
Let k(b) = 8*b - 14. Let r be k(4). Suppose -c + 21 = 5*g + 4, 4*c = 4*g - 4. What is the highest common divisor of r and c?
2
Let v(q) = -q - 14. Let y be v(-8). Let i(r) = -r**3 + 16*r**2 + r - 14. Let j be i(16). Let c = j - y. Calculate the highest common factor of c and 20.
4
Let i(l) be the second derivative of l**3/6 + 7*l**2/2 + l. Let v be i(3). Let g be ((-8)/(-6) + 2)*27. Calculate the greatest common divisor of v and g.
10
Let i(u) = 29*u - 48. Let k be i(12). Suppose 3*x = -x + k. Calculate the highest common divisor of 25 and x.
25
Let m(n) = 8*n + 8. Let c be m(6). Let l(p) = p**2 - 6*p + 10. Let s be l(6). Suppose -s*h = -5*h - 70. What is the highest common factor of c and h?
14
Suppose -3*f = 3*i - 267, 5*f - 68 = -i + 37. What is the greatest common divisor of i and 765?
85
Suppose 0 = -202*j + 179*j + 598. What is the highest common factor of j and 2158?
26
Let z be -6 - (2/15 - (-13540)/(-300)). What is the highest common factor of 24 and z?
3
Let k = 83 + -78. Suppose -k = -z, 3*x + 5*z = 25 + 9. What is the greatest common factor of x and 21?
3
Suppose 15 = 4*z + 3. Suppose 4*b = z*b + 10. Let s be (276/b)/(6/20). What 